uppose -4 = -d + 35. What is the remainder when d is divided by b?
16
Let t(p) = p**3 + p**2 - 5*p + 4. Let k be t(3). What is the remainder when 31 is divided by 208/20 - 10/k?
1
Let f = -2 + -46. Calculate the remainder when f*(-9)/((-54)/(-8)) is divided by 11.
9
Let s = -246 - -252. What is the remainder when 21 is divided by s?
3
Let n(z) = -z**2 + 5*z + 1. Let q be n(4). Suppose 84 = 4*b + 2*r, 37 = 3*b - 0*b - q*r. What is the remainder when ((-10)/(-6))/((-7)/(-147)) is divided by b?
16
Suppose 0 = 6*a - 4*a - 6. Suppose -d + a*d = 54. Calculate the remainder when d is divided by (4 + -2)*-1 + 9.
6
Let y be (4/(-6))/((-4)/12). Let s(w) = -w**3 + 6*w**2 - 3*w + 1. Let d be s(y). Suppose 3*h - 2*h - d = 0. What is the remainder when 21 is divided by h?
10
Let x = -4 + 11. Calculate the remainder when x is divided by (1/7)/(12/168).
1
Suppose 0 = -2*x + 2*c + 36, -5*x + 2*c - 7 = -103. Calculate the remainder when 638 is divided by x.
18
Suppose h - 4*x - 28 = 0, 0 = -10*h + 5*h + 4*x + 124. What is the remainder when 107 is divided by h?
11
Let g be (21 - 5)/(2/4). Suppose 5*j - 49 = -2*i, g = 4*j - 4*i + 4. Calculate the remainder when 35 is divided by j.
8
Let k(f) = f**3 + 2*f**2 + 5*f. Let o be k(-10). Calculate the remainder when o/(-8) - 6/(-8) is divided by 22.
19
Let n(x) = -x + 16. Let c = 0 + -8. Let b = 15 + c. What is the remainder when 33 is divided by n(b)?
6
Let o = -9 - -47. What is the remainder when o is divided by (((-264)/(-16))/(-11))/(27/(-414))?
15
Let v = -264 - -447. Suppose -9*b + 204 + v = 0. What is the remainder when 125 is divided by b?
39
Let t(w) = -10*w + 7*w**2 + 3*w**3 + 21 - 4*w**3 - 19*w**2. Suppose 4*c = -c + 135. Calculate the remainder when c is divided by t(-11).
7
Suppose -4*s = 4*m - 124, 29*s - m - 25 = 28*s. What is the remainder when 87 is divided by s?
3
Let k(t) = t**3 + 9*t**2 - 3*t + 1. Let d = -59 - -50. What is the remainder when k(d) is divided by 6?
4
Let z = -69 - -155. What is the remainder when z is divided by 49?
37
Suppose -26*q + 37*q = 418. Calculate the remainder when 117 is divided by q.
3
Let v(b) = 72*b - 325. Calculate the remainder when 156 is divided by v(5).
16
Suppose -18*a - 928 = -34*a. Let w = 46 + -29. What is the remainder when a is divided by w?
7
Let g = -2 - -3. Suppose 0 = -5*j - 4*f - 7, -3*j + 3*f - 3 = 5*f. Calculate the remainder when g is divided by j.
0
Suppose -3*y + 3 = 0, 49 - 326 = -4*q - y. What is the remainder when 186 is divided by q?
48
Let j(s) = s**3 - 14*s**2 + 29*s - 31. What is the remainder when j(13) is divided by 91?
86
Let h = 71 - 115. Let w = h - -59. Calculate the remainder when 74 is divided by w.
14
Let h = -591 - -605. Calculate the remainder when 48 is divided by h.
6
What is the remainder when (-1 + -4)*1776/(-40) is divided by 15?
12
What is the remainder when 82 is divided by ((-24)/9 + 3)*-15 - -38?
16
Let m(c) = c**3 - 2*c**2 - 2*c + 4. Let n = 9046 - 9040. What is the remainder when m(4) is divided by n?
4
Let q(r) = -13*r**2 + 260. Calculate the remainder when q(0) is divided by 52.
0
Let z = -7 - -53. Let h = 79 - z. What is the remainder when h is divided by 10?
3
What is the remainder when 119 is divided by (-238)/(-18) - (-1 + (-55)/(-45))?
2
Let v(u) = -u**2 + 5 - u - 4 + 12. Let d(h) = -2*h**3 + h**2 + 13*h + 11. Calculate the remainder when d(-3) is divided by v(0).
9
Let w = -23 + 34. Let r(t) = -t**3 + 21*t**2 - 17*t - 56. Calculate the remainder when w is divided by r(20).
3
Suppose 80 = s + 4*s + 2*h, -4*h = 5*s - 90. What is the remainder when 115 is divided by s?
3
Suppose -3*a + 2 = 3*u - 106, u + 4*a - 45 = 0. Calculate the remainder when 53 is divided by u.
20
Let j = -8 + 14. Let f = 79 + -38. Calculate the remainder when f is divided by j.
5
Let o = -197 - -304. What is the remainder when o is divided by 23?
15
Let f be (-2)/(-8) - 42/(-56). Let w(v) = 86*v**3 + 4*v**2 - 3*v - 1. Calculate the remainder when w(f) is divided by 23.
17
Let y(b) = b**2 - 22*b + 57. Calculate the remainder when y(23) is divided by 3.
2
Suppose 1548 = 6*x + 37*x. Calculate the remainder when 929 is divided by x.
29
Suppose -12*c + 618 = -762. What is the remainder when 1608 is divided by c?
113
Let h(p) = -p + 19. Let y be h(4). What is the remainder when ((-3)/(-1))/(y/230) is divided by 16?
14
Suppose -3*c = -c - 4*k + 12, k = -5*c - 8. Let l be (5/(-15))/(c/42). Let y(o) = -o**3 + 7*o**2 + 2*o + 5. What is the remainder when y(l) is divided by 12?
7
Let a = -4 + 6. Let t(l) = l**3 + 33*l**2 + 35*l + 113. Calculate the remainder when t(-32) is divided by a + (-9)/(-3) - 0.
2
Suppose -43*z + 1404 = 243. Calculate the remainder when z is divided by (-3 - -2)*3*-5.
12
Suppose 0 = 28*a - 27*a - 164. Calculate the remainder when a is divided by 34.
28
Suppose 29 + 99 = -4*v. Let j(z) = z**3 - 20*z**2 + 77*z - 18. What is the remainder when (-1)/2*-2 - v is divided by j(15)?
9
Let i be (-4)/10*(-2 + -3 + -825). Suppose -4*p - 13 + i = 5*k, 209 = 3*k - 2*p. Calculate the remainder when k is divided by 36.
31
Let t be 9 - (-2 + -1 + 3). Suppose -3*v = o, 2*v = -v - 4*o - t. Suppose v + 3 = m. What is the remainder when 15 is divided by m?
3
Suppose 18*p = 337 - 31. What is the remainder when 898/9 - 10/(-45) is divided by p?
15
Let k(l) = -8*l - 4. Calculate the remainder when (33 + 0)/((-13)/(-39)) is divided by k(-3).
19
Let o(t) = t**2 + 1. Calculate the remainder when 678/42 - (-3)/(-21) is divided by o(2).
1
Suppose -p + 13 = h, 5*h - 6*p - 49 = -3*p. Let f(k) = 13*k + 4. What is the remainder when f(2) is divided by h?
8
Let l = 533 - 498. What is the remainder when l is divided by 16?
3
Let y(b) = b**2 - b + 9. Let r = -12 - -12. Suppose -4*p = 2*k - 106, 45 = 2*p - 2*k + 1. Calculate the remainder when p is divided by y(r).
7
Let x = -5389 + 5418. What is the remainder when (-4)/14 + (-1614)/(-14) is divided by x?
28
Suppose 3*o - 125 = k, 0 = -4*o + 5*k - 9*k + 172. What is the remainder when 209 is divided by o?
41
Suppose -5*a + 4*j = -31, -a - j - 5 = j. Suppose -a*c = -c - 6. Calculate the remainder when 10 + (2/(-9) - 4636/684) is divided by c.
0
Let x be 7112/(-32) - (-1)/4. What is the remainder when (-16)/(-56) + x/(-7) is divided by 9?
5
Suppose -c + l = -51, -l + 57 + 142 = 4*c. Let x = -8 + 26. Suppose x = 5*k - 4*k. What is the remainder when c is divided by k?
14
Let i = -26 - -29. Calculate the remainder when (-3 + 4)*i + 29 is divided by 12.
8
Suppose 7*n - 191 + 16 = 0. Let x(t) = -75*t**3 - 2*t**2 - 2*t - 1. Calculate the remainder when x(-1) is divided by n.
24
Suppose g + 5*m = 64, -m + 16 = 13. Let z = -37 - -55. Calculate the remainder when g is divided by z.
13
Let l = -39 - -28. Let g = 19 + l. What is the remainder when 13 is divided by g?
5
Let k be 1/(1 - 3 - -1). Let m = k + 4. Suppose 11*w - m = 8*w. What is the remainder when 1 is divided by w?
0
Suppose -3*o + 385 = 2*o + 2*x, 5*o = -x + 385. Calculate the remainder when o is divided by 26.
25
Suppose -4*o = o - 20. Let a be (-6)/(-3*o/6). Suppose r + 265 = a*k + 2*k, -3*r = -4*k + 223. What is the remainder when k is divided by 9?
7
Let u(c) = -c - 12*c - 47 + 9*c. Calculate the remainder when u(-22) is divided by 9.
5
Let y be -3*(-1 + 2/3). Let b = -17277 - -17286. What is the remainder when 34 + y - (-2 - -2) is divided by b?
8
Suppose 186 = -3*m + 198, -47 = -y + 2*m. Calculate the remainder when y is divided by 24.
7
Suppose -67 = -5*i - 42. Suppose i*o = 4*b - 2*b - 46, -115 = -5*b + 4*o. Calculate the remainder when b is divided by 5.
3
Suppose 5*f + 3*v = 8, 3*f + 3*v - 4 = -f. Calculate the remainder when 12 is divided by f.
0
Suppose -45 = -4*i - 33, -3*i - 131 = -5*c. Calculate the remainder when 1679 is divided by c.
27
Let w = 526 + -134. What is the remainder when w is divided by 22?
18
Suppose -4*d - 7*s + 12*s = -368, -4*d = s - 344. What is the remainder when d is divided by 45?
42
Let x = 7 - 3. Suppose x*d - 48 - 56 = 0. What is the remainder when (51 - (-3 + 6)) + 1 is divided by d?
23
Suppose 0 = 135*z - 141*z + 1038. Calculate the remainder when z is divided by 44.
41
Let w = 264 + -235. What is the remainder when w is divided by 24?
5
Suppose 12*o - 3*f - 30 = 11*o, -f + 10 = o. Let y = -111 - -184. What is the rema